 + y. Suppose 613 = i*g + 88. What is the highest common divisor of g and 15?
15
Suppose -3596*q + 3592*q + 96 = 0. What is the greatest common factor of q and 68?
4
Let h be (-2 - 2/(-3))/((-44)/396). Calculate the highest common divisor of 9 and h.
3
Let s(w) = -5*w**2 + w + 1. Let f be s(-1). Let v = f - -8. Let j be 3/(315/95) - 6/(-63). What is the highest common factor of j and v?
1
Suppose -5*g = -0*g + i + 3, -6 = 5*g + 2*i. Let n(w) = 7 + 18*w - 9*w - 10*w. Let y be n(g). What is the highest common factor of 1 and y?
1
Suppose 23*m + 24*m = 3666. What is the greatest common divisor of 143 and m?
13
Suppose 17*q = 25 + 77. Let l be 1123/q - (-1)/(-6). What is the greatest common factor of 17 and l?
17
Suppose 3*i + 4 = 52. Suppose -12*q + 1610 = 530. Suppose 2*a - q = 3*j, -4*j = -7*j + 6. What is the greatest common divisor of a and i?
16
Suppose -3*n + 0 - 9 = 0. Let s(q) = q**2 + 3*q + 3. Let m be s(n). Suppose 0 = -c + 7*l - m*l + 8, 4 = -4*l. What is the highest common divisor of c and 4?
4
Let c be 308*(-9)/(63/(-2)). What is the greatest common divisor of 16 and c?
8
Let u(y) = 58*y + 10. Let z be u(4). What is the highest common factor of 44 and z?
22
Let v(s) be the first derivative of s**2/2 + s - 15. Let i be v(18). Calculate the highest common divisor of 152 and i.
19
Let a be 1/(-3) - 56/21 - -27. Calculate the greatest common divisor of a and 96.
24
Suppose 4*c - 10 = -c. Suppose -c*i = 3*i. Suppose 8*f - 11*f + 33 = i. Calculate the highest common factor of 121 and f.
11
Let v = -5 + 7. Suppose 0 = 5*g - 2*c - 94, -2*g + 86 = 2*g + v*c. Let y = 12 + 38. What is the highest common factor of g and y?
10
Let l be (-4)/6 + 532/(-84) + 130/10. Let c(i) = 3*i. Let w be c(1). What is the highest common factor of w and l?
3
Let t = -23 - -22. Let g = 11 - t. What is the highest common factor of g and 4?
4
Suppose 0 = -391*u + 399*u - 248. Let x(k) = -55*k + 4. Let t be x(-5). What is the highest common divisor of u and t?
31
Suppose -5*w = -2*w - 168. Let k be (-28)/w - 146/(-4). Calculate the highest common divisor of k and 4.
4
Suppose -2*v + 315 = 4*a - 899, -4*v = 3*a - 923. What is the greatest common factor of a and 14?
7
Let l(x) = -x**3 - 7*x**2 + 13*x - 2. Suppose -2*y + 1 - 13 = -2*h, 0 = 4*h + 16. Let p be l(y). What is the greatest common factor of p and 21?
21
Suppose 27*x - 3430 = -8*x. What is the greatest common divisor of 21 and x?
7
Let j(v) = v**2 - 4*v - 4. Let l be j(6). Let s = l + -6. Suppose -s*z = 3*z - 450. What is the greatest common factor of 10 and z?
10
Let t = -12 + 22. Let i be (-348)/(-20) + (-4)/t. Let a = i + 130. What is the greatest common divisor of a and 21?
21
Let l(u) = -162*u + 8. Let s be l(-3). Calculate the greatest common factor of 208 and s.
26
Let j = -72 - -42. Let o be ((-72)/(-15))/((-3)/j). Calculate the greatest common factor of 72 and o.
24
Let k(a) = a**3 + 9*a**2 - 14*a - 8. Let p be k(-10). What is the greatest common divisor of 112 and p?
16
Let y = 15 + -6. Let z = -299 + 308. What is the greatest common divisor of z and y?
9
Let v be (-495)/(-105) - 4/(-14). Suppose -1060 = -v*r - 6*o + o, r = 3*o + 204. Calculate the highest common divisor of 21 and r.
21
Let k be (-270)/(-150)*(-80)/(-6). Suppose 0 = 3*i - 11 - 25. What is the highest common factor of k and i?
12
Let o be (-60)/(10/75 - (-292)/(-1740)). What is the greatest common factor of 20 and o?
20
Let f = 316 + -295. Calculate the greatest common factor of 77 and f.
7
Suppose -10*r + 11*r = 35. Let a be (11 - 13) + -3 + -1. Let o be a/(-2)*5/3. What is the highest common factor of o and r?
5
Suppose 88*d - 853 = 907. Let k(g) = 2*g**3 - 8*g**2 - 2*g + 8. Let w be k(6). Calculate the greatest common divisor of d and w.
20
Suppose 11*u + 490 = 13*u. Calculate the greatest common divisor of u and 49.
49
Suppose -3*y = 4*a - 1165 - 735, y + 2375 = 5*a. What is the highest common factor of a and 38?
19
Suppose 0 = -2*h + 4*i + 112, 5*h - 295 = 2*i - 7*i. Calculate the greatest common factor of h and 87.
29
Let j be (192/30)/(-8)*5*-1. Suppose 5*b = 56 - 1. Suppose r - 1 = 2*w - b, -32 = -j*w + 5*r. Calculate the highest common divisor of 24 and w.
3
Let q(t) = -t + 50. Let f be q(2). Calculate the greatest common factor of 78 and f.
6
Suppose 0*f - 2*l - 54 = -3*f, 2*l - 72 = -4*f. Calculate the greatest common divisor of 9 and f.
9
Suppose -3*f - 2*d + d + 9 = 0, 3*f = 3*d + 21. Let g be 15 - f/(-4) - 2. Calculate the highest common divisor of g and 56.
14
Let k(n) = 8*n + 30. Let t be k(12). What is the greatest common factor of t and 7?
7
Let d = 0 - -18. Let o = 32 - d. Calculate the greatest common divisor of 21 and o.
7
Suppose -6840 = -15*w + 17805. What is the highest common divisor of 31 and w?
31
Suppose 3 = -n + 8. Suppose 67 = 2*o + 3*o + 4*p, 70 = n*o + 5*p. Calculate the greatest common divisor of o and 22.
11
Let t = 107 - 46. Let g = 69 - t. Calculate the greatest common factor of 1 and g.
1
Let y be 5/((-20)/8)*-1. Suppose -y*q + 32 = -38. Suppose s + s = 560. What is the highest common divisor of q and s?
35
Let n(v) = -v**3 + 13*v**2 + 4. Let z be n(13). Suppose -z*i + 2 = -3*i, 89 = 3*o + i. What is the greatest common factor of o and 203?
29
Let b(u) = 5 + 18*u - 28*u - 3 + u**2. Let y be b(10). Suppose -5*j + 0*j = y*m - 171, j - 48 = -5*m. What is the greatest common divisor of 11 and j?
11
Let s = 75 + -76. Let w be s + 1 + (-1 - -8). Calculate the highest common factor of 77 and w.
7
Let g = 4 + 6. Let c(l) = -l**3 + 52*l**2 + 111*l - 122. Let v be c(54). Calculate the highest common factor of v and g.
10
Let g be (6 - (-570)/(-24))*-116. Calculate the greatest common divisor of 29 and g.
29
Let d(y) = 5*y**2 + 11*y - 37. Let b be d(3). Calculate the greatest common divisor of 41 and b.
41
Suppose 0 = 3*r - 2*k - 12, -5*k = r - 6*r + 25. Let z(v) = v**3 + 23*v**2 - 2*v - 38. Let s be z(-23). What is the highest common factor of r and s?
2
Let k = 34 + -34. Let o be -6 - (k - 5) - -309. What is the highest common factor of o and 28?
28
Let f(y) = -1011*y**3 - y**2 - 15*y - 13. Let z be f(-1). What is the highest common factor of 44 and z?
44
Let x(b) = -b**3 - 19*b**2 - 27*b - 51. Let o be x(-18). Calculate the highest common divisor of o and 148.
37
Suppose 5*t - 47 = 2*c + 31, 5*t - 4*c - 76 = 0. Let v be 2 + 9/(36/8). Let g be (1 + 7)*(v - -1). Calculate the greatest common factor of t and g.
8
Let l be (-1)/(3 - 14/4). Suppose 6 = 2*t + 3*g - l, 2*t - 5*g = -8. Suppose 3*f - t = 5. Calculate the greatest common divisor of 10 and f.
2
Suppose -4*i + g - 25 = -5*i, 5*i = -g + 109. What is the highest common divisor of i and 21?
21
Suppose -4*m + 12 - 87 = -3*b, -2*b + 36 = 2*m. Let c be 20/(-24)*-21*4/10. Calculate the greatest common factor of c and b.
7
Let p be 7 + (-135)/18 + 362/4. What is the highest common divisor of p and 10?
10
Suppose -38 = 6*i - 32. Let o(z) = -z**2 - 6*z + 4. Let m be o(-6). Let a be i/(m/(-12)) + 3. What is the greatest common divisor of 48 and a?
6
Suppose 2*k = i + 2 + 139, -2*i - 6 = 0. Let b = -70 + 116. Calculate the greatest common factor of k and b.
23
Let o be 3 + (1 - (-3 - -3)). Suppose -o*h + 2 + 10 = 0. Suppose 0 = 2*c + h*c - 60. What is the greatest common divisor of c and 48?
12
Let l = 2267 + -1849. Calculate the highest common divisor of l and 110.
22
Let u be ((-24)/(-2))/((-2)/(-5)). Suppose -48*b + 43*b + 15 = 0. What is the highest common factor of u and b?
3
Let k = -163 - -174. Let d = 7 + -6. Calculate the greatest common divisor of k and d.
1
Let s be (-6)/2 + (31 - 18). Let h = s - -2. Calculate the highest common divisor of h and 132.
12
Suppose -11*t = 7*t - 2322. What is the greatest common factor of 43 and t?
43
Let q = 30 - -5. What is the greatest common factor of q and 35?
35
Let l be (2 - -2)*4/(-8). Let s be ((-2)/l)/(6 + -5). Let b be 21/14 + s/(-2). Calculate the highest common factor of b and 5.
1
Suppose 0 = 15*v - 44 - 1. What is the highest common factor of v and 237?
3
Let m be (-2)/10 - (-63)/15. Suppose m*p - h = 70, p - 5*h - 16 = 11. What is the greatest common factor of p and 17?
17
Let m = -54 - -59. Suppose 4 = i - 0. Suppose -45 = -5*a - i*r, 4*a + 0*a = 3*r + 5. What is the highest common divisor of m and a